
Let w(p) = -2*p**2 - 43*p - 19. Let z be w(-21). Let a(t) = 121*t**z + t - 2 + t**3 - 4*t - 117*t**2. Give a(-5).
-12
Let j(o) be the second derivative of -o**4/12 + 5*o**2/2 - 38*o. Let m(p) = 4*p - 24. Let n be m(6). Determine j(n).
5
Let l(g) = -2 - 7 + 2 + 7*g + g**2. Let m(x) be the first derivative of -21*x**2/2 + 161*x - 93. Let v be m(8). Determine l(v).
-7
Suppose 5*w + 2*r = -0*r - 7, 4*w + 3 = r. Let m(u) = -2513 + 4*u + 2513. Determine m(w).
-4
Let j(p) = -9*p**3 + 10*p**2 - 10*p - 1. Let s be j(1). Let t(a) = -a - 20. Calculate t(s).
-10
Suppose -5*z - 4*d = -2*z - 324, 0 = -4*d - 12. Let m(l) = 14*l**3 + 4*l**2 - l - 8. Let w be m(2). Let j = z - w. Let u(o) = o**2 + 10*o + 8. Calculate u(j).
-16
Let w(y) = 54810*y - 9 - 11*y**2 + 9*y**2 - 54800*y. Calculate w(4).
-1
Let w(j) = -18*j**2 + 35*j - 33. Let t(m) = -4*m**2 + 6*m + 1. Let i(d) = 4*t(d) - w(d). Calculate i(3).
22
Let n = 63 - 65. Let i be -1*((n - 7) + 4) - 3. Let q(s) = -9*s**i + 3 + 5 - 9 - 4*s**3 + 3*s**3. What is q(-9)?
-1
Let d(i) = 6*i + 98. Let n be d(-16). Let f(x) = -17*x**2 - 2*x**3 + 7 + n*x + 4*x**2 + 7*x**2 + 3*x**3. Calculate f(6).
19
Let l(p) = -2*p**2 - 2*p + 1. Let r(u) = 3*u**2 - 17*u - 4. Let n(v) = -v**2 + 8*v + 1. Let k(g) = -13*n(g) - 6*r(g). Let q(s) = -k(s) + 2*l(s). Determine q(4).
-1
Let q(c) = -c**3 + 6*c**2 + 25*c + 3. Suppose -30*a + 135 = -10*a - 45. Give q(a).
-15
Let b = -548 - -542. Let t(v) = -v**2 - 12*v - 41. Give t(b).
-5
Let q(w) = -w**3 + w**2 + w - 23. Suppose 3*l - 35 = -s, 3*s - 2*l = -16 + 132. Suppose s*h - 63 = 35*h. Let d = h + -21. Calculate q(d).
-23
Suppose 16*u - 12*u - 8 = 4*f, 3*u - 9 = 0. Let g(n) = -9*n**2 + 3*n**2 - 1 - 2*n + 2. What is g(f)?
-7
Let j(t) = -t**2 + 23*t - 50. Suppose 80*c = 84 + 156. Let v be j(c). Let k(u) be the second derivative of u**3/6 - 4*u**2 + u. Calculate k(v).
2
Let t = -1227 - -836. Let i = t + 395. Let f(m) = m + 4. Determine f(i).
8
Suppose 2*i = g + 7*i + 43, -3*i = 4*g + 53. Let y(z) = 8*z + 7 - 7*z**2 - 5*z + 3*z - z**3 + 3*z. What is y(g)?
-1
Suppose -1662*a + 1604*a = 522. Let c(j) be the second derivative of j**3/6 - 3*j**2 + j. Determine c(a).
-15
Let h(j) = -7*j + 49*j**2 - 71*j**2 + 2*j**3 + 5*j + 14 + 8. Calculate h(11).
0
Let l(z) = 7*z + 313. Suppose 0 = -2*g + 4*t - 68, -3*t - 46 = -4*g - 207. What is l(g)?
5
Let n(l) be the third derivative of 19*l**4/24 + 86*l**3/3 + 1120*l**2. Calculate n(-9).
1
Let o(s) = -2*s**3 + s**2 + 7*s - 9. Let t(p) = -p**3 + 4*p**2 - 10*p + 14. Let w be t(2). Give o(w).
-7
Let h(v) be the first derivative of v**5/40 + v**4/8 - 83*v**3/3 + 43. Let u(j) be the third derivative of h(j). What is u(-3)?
-6
Let s(g) = 4*g + 6. Let f = -112 + 114. Suppose f*x - 1 + 3 = -4*j, -2*x = j - 7. What is s(x)?
26
Let y(i) = -i - 13. Let s(q) = q**2 - 2. Let t be s(2). Suppose 0 + 3 = -n, 433 = -t*u + 5*n. Let w be u/16 + (2 - -1). Calculate y(w).
-2
Let w be (46/(-30) - 12/(-36))*(-8 + 3). Let t(y) = y**3 - 3*y**2 - 21*y + 15. Calculate t(w).
-3
Let n(b) be the third derivative of b**6/120 + b**5/30 + b**4/24 - b**3/2 - 114*b**2 + 2. Give n(1).
1
Suppose -1223 + 63 = 5*n. Let u = n + 225. Let w(z) = -5*z - 2. Give w(u).
33
Suppose -689 + 693 = -4*r. Let o(v) = -18*v**2 - 7*v + 3. Let h(q) = 2*q**2 + q - 1. Let m(x) = r*o(x) - 5*h(x). Calculate m(-2).
30
Let m = 114 + -107. Let z(p) be the second derivative of p**5/20 - 2*p**4/3 + 4*p**3/3 - 2*p**2 - 15*p. What is z(m)?
3
Let i(r) = -2*r**3 - 4*r**2 - 4*r - 4. Let u(o) = o**3 - 12*o**2 + o + 1. Let l be u(12). Suppose -3*x = -4*q + l, 5*x - 47 = 4*q - 66. Determine i(x).
26
Let v be (4/3 + 2)*36/15. Let s(n) = -2 + v - 5*n + 7. Calculate s(4).
-7
Let l = -561 - -558. Let r(n) = -n**3 - 3*n**2 - 3*n - 3. Calculate r(l).
6
Let g be (164/(-28) - -5)*7/(-2). Suppose -3*r + g*m = -7*r - 18, -3*m = -2*r. Let k(s) = 6*s - 4. Determine k(r).
-22
Let n(v) be the second derivative of 9*v**5/20 + v**2/2 + 12*v. Suppose -4*h + 31 = 3*f, -f = 3*h - 4 - 13. Let o = -6 + f. What is n(o)?
-8
Let s(h) = 21*h**3 + 24*h**2 + 48*h - 19. Let g(u) = -5*u**3 - 6*u**2 - 11*u + 5. Let b(o) = -13*g(o) - 3*s(o). What is b(-3)?
-5
Suppose 5*w = -122 + 137. Let v(p) = -10*p - 8*p**2 + 14 + p**w - 33 + 30. Calculate v(9).
2
Let y(p) = -3*p**2 + 72*p - 67. Let i be y(23). Let f(c) = 7*c + 19. Let l(q) = -32*q - 77. Let k(v) = i*l(v) + 9*f(v). Determine k(11).
6
Let d be (-2)/((-16)/(17 - 49)). Let i(t) = 5*t**3 + t**2 + t + 6. Let r(y) = -6*y**3 - 2*y**2 - 2*y - 7. Let p(n) = -7*i(n) - 6*r(n). Determine p(d).
-4
Let i(d) = -18*d**2 + 14*d + 9. Let h(p) = -68*p**2 + 53*p + 35. Let y(s) = -4*h(s) + 15*i(s). Let x = -10 - -14. Calculate y(x).
19
Let f(w) = -5*w + 18. Let a(q) = -3*q**2 - 143*q - 823. Let l be a(-41). Determine f(l).
33
Let d = -15182 + 15182. Let z(h) be the third derivative of 0*h**3 + d*h + 33*h**2 - 7/60*h**5 + 1/120*h**6 + 0 + 5/24*h**4. What is z(6)?
-6
Let j(c) = -c**2 + 9*c - 8. Let y = 127 - 141. Let i be 1/4*y*-2. Give j(i).
6
Suppose -4*d + 3*w + 41 = 0, 133*w = 5*d + 135*w - 57. Let c(i) = i - 6. Give c(d).
5
Let s be ((-30)/(-50) - (-4)/10)*62. Let x be 1*3*s/93 - 8. Let v(b) = -b + 2. Determine v(x).
8
Let n = -105 - -114. Suppose c = -3*r + 5 + n, -2*r - 4 = -2*c. Suppose 5*k + 8 - r = 5*h, -3*k - h = -9. Let i(f) = -10*f + 3. Determine i(k).
-17
Let w = 136 + -219. Let r = -57 - w. Let x(q) = -7*q**2 - 3 + r*q**2 - 14*q**2 - 6*q**2. What is x(0)?
-3
Suppose 0 = z - g + 4*g + 1, 3*z + 13 = g. Let i(o) = -o - 4*o**2 - 4*o**2 + 7*o**2 - 2*o - 1. Give i(z).
-5
Let p = -10759 + 10769. Let a(z) = z**3 - 11*z**2 + 8*z - 15. Calculate a(p).
-35
Let h(p) = 4077*p - 5 + 2 - 4078*p. Let d(q) = -3*q - 9. Let b(y) = 2*d(y) - 5*h(y). What is b(2)?
-5
Let c be 42/(-147) - (-674)/7. Suppose 90*a - 24 = c*a. Let r(q) = q**3 + 4*q**2 - 2. Give r(a).
-2
Let c(m) = -2*m**2 - 27*m - 67. Let o be c(-10). Let n(u) = 0 - 1 + 6*u**3 - 11*u**3 + 4*u**o. Determine n(-1).
0
Let t = -635 + 634. Let a be ((-15 + 8)/7)/(t - -2). Let h(w) = w**3 + 2*w**2 - 2*w - 3. Give h(a).
0
Let z(w) be the first derivative of w**3/3 + 4*w**2 + 6*w - 151. Suppose 2*i + 2*i - 4*h + 12 = 0, -2*h - 18 = 2*i. What is z(i)?
-6
Let a(c) be the third derivative of c**6/120 + c**5/12 + c**4/24 + 13*c**3/6 + c**2 - 60. Determine a(-6).
-29
Let y(v) = 8*v + 21. Let g = -11396 - -11391. Determine y(g).
-19
Let p(t) = -t**3 - 17*t**2 - 18*t - 26. Let x be p(-16). Let u(a) = -6*a**2 - 20*a + 6*a**3 + x*a + 5*a + 1 - 5*a**3. Determine u(7).
-13
Let i = 5 + -7. Let z = -146 - -164. Let s(p) = -z - 18 + 38 - 2*p**2. Give s(i).
-6
Let l = 234 - 201. Let f be (-81)/3*11/l. Let k(n) = -n**2 - 11*n + 5. Calculate k(f).
23
Let n(k) = 3*k**3 - 7*k**2 + 5*k + 5. Let r(h) = h**3 - h**2 + h + 1. Suppose 3*y + 11 = 2*j, 17 = 3*j + 17*y - 22*y. Let g(m) = j*r(m) - n(m). What is g(-5)?
-46
Let h = -47 - -52. Let k(a) = -4*a - 8. Let u be -8*(-1)/((5 - 3)*1). Let g(b) = 3*b + 8. Let i(r) = h*g(r) + u*k(r). What is i(-8)?
16
Let f(c) = 39*c. Let q(l) = -147*l + 2. Let k(d) = 9*f(d) + 2*q(d). Give k(1).
61
Let y(b) = 116 - 168 + 37 + 19*b. What is y(3)?
42
Let s(p) = p - 5. Let i(y) = -596*y - 1754. Let q be i(-3). Let w be -29 - (0 - 1 - 0). Let j = q + w. What is s(j)?
1
Suppose 26*p - 77 = 19*p. Suppose -y - 2*d - 3*d + p = 0, -d = y - 3. Let z(a) = -a**2 + 2*a - 1. Determine z(y).
0
Let c(s) = 14*s + 45. Let n(u) = -57*u**2 - 513*u - 3. Let l be n(-9). Calculate c(l).
3
Suppose -5*k = -0*k + 4*r + 38, -4*r = 3*k + 26. Let x = k + 12. Let s(m) = -2 + 7*m**3 + 2*m**3 + 3 - 5*m + 2*m**3 - 5*m**2 - 10*m**3. What is s(x)?
7
Let i(z) = -6*z**2 - 82*z - 114. Let h be i(-12). Let b(m) be the first derivative of 1/3*m**3 - h*m + 39 - 1/2*m**2. Give b(0).
-6
Suppose 0 = 179*x - 206*x. Let c(r) = r**3 + r + 5. What is c(x)?
5
Let l = -21662 - -21644. Let h(o) = o**3 + 20*o**2 + 38*o + 33. Determine h(l).
-3
Let u(q) be the first derivative of -5*q**2/2 + 7*q - 1013. Calculate u(5).
-18
Let l(j) = -21567*j + 10776*j + 10772*j + 7. What is l(4)?
-69
Let b(w) = 2*w - 540 + 274 + 289. Calculate b(12).
47
Let b = -202 + 192. Let t be 1 + 5 + 5/10*b. Let q(l) = 7*l + 1. Give q(t).
8
Let h(j) = j**2 + 56*j + 12. Let a(m) = -m**2 - 102*m - 24. Let i(x) = 6*a(x) + 11*h(x). Give i(4).
84
Let f(v) = 